{"id":92,"date":"2022-03-10T16:18:47","date_gmt":"2022-03-10T15:18:47","guid":{"rendered":"https:\/\/nn3kqf.podcaster.de\/?page_id=92"},"modified":"2022-03-18T17:21:49","modified_gmt":"2022-03-18T16:21:49","slug":"biennale-to-go","status":"publish","type":"page","link":"https:\/\/nn3kqf.podcaster.de\/?page_id=92","title":{"rendered":"Biennale to go"},"content":{"rendered":"<p>DE<\/p>\n<p>Kurz und knackig oder ganz ausf\u00fchrlich \u2013 mit dem neuen Podcast Biennale to go zur Biennale f\u00fcr aktuelle Fotografie 2022 entscheiden Besucher*innen selbst, wie tief sie in die sechs Biennale-Ausstellungen eintauchen wollen. Denn die L\u00e4nge der einzelnen Episoden h\u00e4ngt davon ab, wie man sich von einer Ausstellung zur n\u00e4chsten bewegt: zu Fu\u00df, mit dem Fahrrad, mit \u00f6ffentlichen Verkehrsmitteln oder dem Auto. Auf Ihrem Weg durch den \u00f6ffentlichen Raum dreier St\u00e4dte begleitet Sie Alexander Hagmann im Gespr\u00e4ch mit K\u00fcnstler*innen und der Kuratorin Iris Sikking \u2013 Stadtrauschen und Verkehrsger\u00e4usche inklusive. Der Podcast greift das Thema der Biennale auf, die unter dem Titel From Where I Stand der Frage nachgeht, ob sich unsere vernetzte und von technischen Entwicklungen gepr\u00e4gte Gesellschaft zu einer gerechteren und nachhaltigeren Welt ver\u00e4ndern l\u00e4sst. Biennale to go soll die Zuh\u00f6rer*innen dazu auffordern, sich mit dem eigenen Mobilit\u00e4tsverhalten auseinanderzusetzen: Nehme ich mir Zeit, um mich klimafreundlicher fortzubewegen und erfahre mehr \u00fcber die Biennale 2022? Oder reichen mir wenige Informationen auf meinem schnellen Weg mit dem Auto \u2013 und einem gr\u00f6\u00dferen \u00f6kologischen Fu\u00dfabdruck? Von welchen Faktoren h\u00e4ngt meine Entscheidung ab?<\/p>\n<p>EN<\/p>\n<p>Short and sweet or very detailed &#8211; with the new podcast Biennale to go for the Biennale f\u00fcr aktuelle Fotografie 2022, visitors decide how deeply they want to engage with each of the six Biennale exhibitions. The length of the individual episodes depends on how you move from one exhibition to the other: on foot, by bike, by public transport or by car. On your way through the public space of three cities, Alexander Hagmann accompanies you in conversation with selected artists and the curator Iris Sikking &#8211; city noise and traffic sound included. The podcast addresses the topic of the Biennale, which, under the title From Where I Stand, explores the question of whether our networked society, shaped by technological developments, can be transformed into a fairer and more sustainable world. Biennale to go intends to challenge the audience to consider their mobility behaviour: Do I take the time to get around in a more climate-friendly way and learn more about the Biennale 2022? Or do I accept a loss of information and a larger carbon footprint to get to the next exhibition as quickly as possible by car? What factors influence my decision?<\/p>\n<p>\u2028\u2028\u00a9 Kunsthalle Mannheim, Foto: Hg Esch<br \/>\n\u00a9 Heidelberger Kunstverein<br \/>\n\u00a9 Marlis Jonas (Kunstverein Ludwigshafen)<br \/>\n\u00a9 Marvin H\u00fcttermann (PORT25)<\/p>\n","protected":false},"excerpt":{"rendered":"<p>DE Kurz und knackig oder ganz ausf\u00fchrlich \u2013 mit dem neuen Podcast Biennale to go zur Biennale f\u00fcr aktuelle Fotografie 2022 entscheiden Besucher*innen selbst, wie tief sie in die sechs Biennale-Ausstellungen eintauchen wollen. Denn die L\u00e4nge der einzelnen Episoden h\u00e4ngt davon ab, wie man sich von einer Ausstellung zur n\u00e4chsten bewegt: zu Fu\u00df, mit dem &hellip; <a href=\"https:\/\/nn3kqf.podcaster.de\/?page_id=92\" class=\"more-link\"><span class=\"screen-reader-text\">Biennale to go<\/span> weiterlesen <span class=\"meta-nav\">&rarr;<\/span><\/a><\/p>\n","protected":false},"author":0,"featured_media":0,"parent":3,"menu_order":0,"comment_status":"closed","ping_status":"closed","template":"podcast.php","meta":{"footnotes":""},"class_list":["post-92","page","type-page","status-publish","hentry"],"_links":{"self":[{"href":"https:\/\/nn3kqf.podcaster.de\/index.php?rest_route=\/wp\/v2\/pages\/92","targetHints":{"allow":["GET"]}}],"collection":[{"href":"https:\/\/nn3kqf.podcaster.de\/index.php?rest_route=\/wp\/v2\/pages"}],"about":[{"href":"https:\/\/nn3kqf.podcaster.de\/index.php?rest_route=\/wp\/v2\/types\/page"}],"replies":[{"embeddable":true,"href":"https:\/\/nn3kqf.podcaster.de\/index.php?rest_route=%2Fwp%2Fv2%2Fcomments&post=92"}],"version-history":[{"count":8,"href":"https:\/\/nn3kqf.podcaster.de\/index.php?rest_route=\/wp\/v2\/pages\/92\/revisions"}],"predecessor-version":[{"id":100,"href":"https:\/\/nn3kqf.podcaster.de\/index.php?rest_route=\/wp\/v2\/pages\/92\/revisions\/100"}],"up":[{"embeddable":true,"href":"https:\/\/nn3kqf.podcaster.de\/index.php?rest_route=\/wp\/v2\/pages\/3"}],"wp:attachment":[{"href":"https:\/\/nn3kqf.podcaster.de\/index.php?rest_route=%2Fwp%2Fv2%2Fmedia&parent=92"}],"curies":[{"name":"wp","href":"https:\/\/api.w.org\/{rel}","templated":true}]}}